 -33?
5
Evaluate 7 - (1 + (-1 - 2) + 7 - 1).
3
Evaluate 5 + (22 - (2 + 15)).
10
Evaluate 16 - (-25 - (-36 + 21)).
26
Calculate -16 + -10 + 96 - 36.
34
Evaluate 0 + 6 + (-36 - -35) - 3 - -2.
4
What is 76 - 77 - (-1 - -2) - (-15 - 1)?
14
Calculate 15 + -11 + -36 + 17.
-15
-3 - -4 - (-9 + 0 - 8)
18
What is 17 - (-15 - (9 - (19 - 6)))?
28
Evaluate 1 + -3 + (0 - 0) + -14.
-16
Calculate 17 + (-25 - (10 - 21)).
3
Calculate -3 + -11 - -24 - 3 - -3.
10
Calculate (64 - -3) + -57 + 22.
32
-7 - 4 - (-7 + -14) - 9
1
What is the value of (-11 - (-11 + 5)) + 18?
13
1 + 4 + 2 + -4 + 4 + 0
7
What is the value of 197 + -242 + (1 - -26)?
-18
What is -10 + 5 + (20 + -38 - -30)?
7
10 - 2 - (4 - (6 + -6 - -5))
9
What is -2 + 12 + -2 + -3 + (-2 - 4)?
-1
(-19 + 7 - -6) + 21
15
What is -97 + 107 - (0 + -5)?
15
What is the value of 2 - (-16 - -14 - (-1 - -13))?
16
43 + -46 + 0 + -1
-4
Calculate (1 - -6) + ((-5 - -1) + 10 - 11).
2
(-9 - 5) + 18 + -13
-9
Evaluate 18 - (-11 - -9 - -9).
11
Calculate -4 + 6 + 9 + -14 + 9 + -8.
-2
(6 - 1) + (-10 - -1 - (-11 + -5))
12
What is the value of 12 + -28 + -10 + 39?
13
Evaluate -2 + (-6 + (-5 - -1) - -17).
5
-12 - -1 - (-1153 - -1126)
16
What is (0 - -2 - (-63 + 53)) + -2 + 3?
13
What is 0 + (12 - (-12 + 8)) + -10?
6
What is the value of -9 + 0 - (18 + -8 + -12)?
-7
What is (12 - 1) + (-41 - -81) + -38?
13
Calculate 33 - 25 - (19 + -7).
-4
What is the value of 26 - ((-9 - -76) + -27)?
-14
What is the value of (0 - -12) + 2 + (15 - 8 - 32)?
-11
Calculate (10 - (13 + 5)) + 9 - (-18 + 0).
19
What is 3 + -4 - 0 - (12 + -16 + -6)?
9
What is the value of -2 + 16 - (79 + -58)?
-7
Evaluate 1 + 3 + (-3 - 8).
-7
What is -58 + 51 - (-15 + -6)?
14
Calculate (9 - 1 - 29 - -11) + 0.
-10
Evaluate 10 + 3 + (-1 + 1 - 9).
4
Calculate 1 - -18 - (-447 + 465).
1
Evaluate -7 + (2 - 3) + 26 + -12 + 4.
10
What is (1 + (25 - 10) - 9) + (19 - -3)?
29
What is 3 - (-7 - -8) - (21 - 6)?
-13
-3 + (-2 - -5 - 1) - (-4 - -15)
-12
What is 8 + 3 + 5 - (-11 - -18)?
9
(1 + 0 + -3 - 3) + -140 + 133
-12
Calculate -4 + -1 + -11 + -12 + 32.
4
What is -10 + 2 + 2 + -8 + 4 + 2?
-8
What is the value of 5 + (4 + -4 - 1 - 9) + -5?
-10
What is the value of -33 + (11 - (-10 - -4))?
-16
Calculate (-16 - -56) + -19 + (-8 - -2).
15
2 + -11 + 22 + 4
17
Evaluate 11 - 6 - 32 - -18.
-9
Calculate (-1430 - -1389) + (22 - -2).
-17
(1 - (2 + 0)) + (-2189 - -2186)
-4
What is the value of 47 - 45 - (-6 - 7)?
15
Evaluate -8 + 10 + 1 + -2 + 11 + -11.
1
Evaluate 9 - (24 + (-13 - -29)).
-31
(9 - 16 - (3 - (6 - 1))) + 1
-4
Evaluate (-12 - -11) + -25 + 24.
-2
What is -7 - (8 - (8 - 8) - 24)?
9
What is the value of 8 - (31 - 6 - 9) - 7?
-15
26 + (-48 - -18) - (6 - (2 + -3))
-11
Evaluate (-13 - (-28 - (1 - 5))) + 20.
31
What is (6 - (-8 + 12)) + -3?
-1
Calculate 2 - 4 - -1 - (384 - 378).
-7
What is -14 + 19 + (-19 - -17)?
3
What is the value of (-20 - (-8 - -15)) + 38?
11
What is 44 + 0 - (159 + -148)?
33
What is the value of -35 + 49 - (3 + 2 + -18)?
27
Evaluate 0 - 32 - ((-9 - -15) + -21 - -7).
-24
What is the value of 0 + -18 - (-5 + (9 - 12))?
-10
What is the value of 17 - 0 - 14 - 10?
-7
What is the value of -16 + (4 - (3 - 25))?
10
(46 - 55) + 6 + 2
-1
Evaluate (4 + -37 - -4) + 28.
-1
Calculate (12 - 28 - -29) + 1.
14
What is the value of 25 + -18 + -14 - (-4 - 0)?
-3
Evaluate -94 + 86 - (-19 + -1).
12
Evaluate 1 + (-2 - -6) + -10 + 1 + 2.
-2
-2 + 13 + (33 - 41) + 1
4
What is the value of -9 + 1 + (-5 - 3) + -59 + 71?
-4
-4 + 4 + 9 + -7 + -4 - -3
1
Evaluate -639 + 656 - (10 - 3).
10
Evaluate (1 - -7) + -102 + 90.
-4
What is the value of 21 + 0 + (1 + 10 - 0) + 0?
32
Calculate (13 + -1 - 5) + 41 + -53.
-5
Calculate (5 - (4 + -1 + -2)) + (64 - 66).
2
What is the value of (9 - (1 - 6)) + -6 + 15 - 7?
16
Evaluate (2 - (17 - 9)) + 17 - (1 + 0).
10
Evaluate -4 + 3 - 3 - (-13 + 0).
9
What is the value of -9 - (4 + 9 + -21)?
-1
Calculate 1 + 1 + 16 + -9 + 11.
20
Evaluate -7 + -3 + -2 - (12 + 0 + -5).
-19
Evaluate 4 - (15 + -3) - (-9 + -1 - 6).
8
5 + 1 - (-181 + 191)
-4
Evaluate -3 - (0 + 5 + 1 + (-10 - 9)).
10
Evaluate -100 + 88 + (0 - (-5 - -8)) + 48.
33
What is -15 + 31 + -24 + -2?
-10
What is the value of 44 - (-23 + 18 + 24)?
25
7 - (-2 + (-5 - -6) + -1 + -2)
11
Evaluate -35 + 49 + -5 + -7.
2
What is the value of -1 - (-39 + 15 + 1)?
22
Calculate 7 + (-29 - -3 - (-1 - 15)).
-3
What is (-12 - (-44 - -11)) + 2 + 7?
30
1 + (-2 - -8) - 13 - -2
-4
Evaluate -9 + (-1 - -3) + (4 - 1) + -10.
-14
Calculate 211 - 210 - (-3 + 3 + -1).
2
What is the value of 71 + -55 + -31 + (-1 - 5) + 2?
-19
What is 0 - ((0 - -9) + -13)?
4
What is -10 + -8 + (63 - 40)?
5
Evaluate (2 - -1 - 0) + -10 - (95 - 94).
-8
Evaluate (-2 + 1 - -8) + (54 + -90 - -42).
13
What is -2 - (3 + 9) - -8?
-6
Calculate -9 + 1 - (31 + -34).
-5
Evaluate -6 + 13 + -8 + 20 + -8.
11
Calculate -114 + 115 - (-3 + -2 + 8).
-2
What is the value of 21 + 15 - 28 - (34 - -1)?
-27
-21 + 36 + 10 - (0 + 2)
23
What is (-55 - -51) + (-2 - -13)?
7
What is -1 + -9 + (-10 - (0 + -10))?
-10
What is the value of -7 + (-19 - (-14 - 5))?
-7
What is 6 - ((5 - 16 - -8) + (-2 - 5))?
16
Evaluate -1 - (-8 + 12 + (0 - 9) + 7).
-3
What is the value of (-1 - 5) + (-2 - (28 + -23))?
-13
What is the value of 1 + -1 + (17 - (4 + 6))?
7
-13 + 1 - (26 - (-22 + 60))
0
Calculate 1 - -3 - ((14 - 6) + 0 + 10).
-14
What is 384 + -404 - ((-1 - -21) + -1)?
-39
Calculate 34 + -2 - (4 - -25 - 16).
19
What is the value of 12 + (-33 - (-26 - -12))?
-7
What is -6 + 2 + 4 + 6 + -7 - -16?
15
What is the value of -18 - 11 - -65 - 23?
13
What is -27 - (-4 + -12 + -13)?
2
Evaluate 1 + 12 + -24 + 18 + -19.
-12
Evaluate -10 + -7 + (-1 + -4 - -17).
-5
Evaluate (-3 + -13 - -20) + -15.
-11
Evaluate 18 + 3 + -10 + 2.
13
What is 10 + -3 - 26 - -33?
14
Calculate (-25 - -11) + (49 - 48).
-13
Calculate 8 - (-3 - -15) - -6.
2
Calculate 10 + (-30 - -5) + -4 + 5 + 0.
-14
What is 15 - (33 - 18 - -11)?
-11
Evaluate -7 + 0 - (17 - 18) - -15.
9
Evaluate -9 - (8 - ((-5 - -2) + (1 - 6))).
-25
Evaluate -1 + (9 - 0) + 898 + -907 - 12.
-13
Evaluate 2 - (5 - 1) - (18 + -11).
-9
What is the value of 0 + (-4 - 2) + 3 + -2 + 8?
3
What is the value of (3 - -6) + -13 + -14 + 8?
-10
9 - (7 + (-6 + 1 - 1))
8
Calculate 11 + 9 + -15 + -1 + 6.
10
What is the value of -49 + (23 - -2) + -8?
-32
Calculate (-6 - (-11 - 10)) + (-8 - -18).
25
6 + (1 - 42) - (-28 - -21)
-28
What is the value of 17 - 16 - (30 - 12 - 10)?
-7
Calculate 1 + 12 - (-380 + 384).
9
What is -15 + 15 + 1 + (-34 - -32)?
-1
Evaluate 4 - ((5 - -2) + -20).
17
What is the value of -146 + 137 + (1 - (-2 - -1 - 1))?
-6
Calculate (-9 + 4 - 1) + 8 + -11.
-9
-6 + -4 + 19 + -21
-12
Calculate -35 + 59 + 31 + -40.
15
What is the value of (18 - 7) + -8 + 11?
14
Calculate -35 + -2 - (36 + (15 - 51)).
-37
Calculate (-3 - (-6 + 15)) + 30 + -6.
12
32 + 8 + (-7 - 32)
1
What is -3 + (-3 - 2) + -20 + 12 + -2?
-18
Evaluate (3 + -13 - 13) + 17.
-6
What is 17 + (5 - (-1 + 5)) - 3 - 1?
14
Calculate (-6 - 4) + (3 - (12 - (1 - -14))).
-4
Evaluate 3 - 5 - (1 + -2 - (1 - 11)).
-11
What is 2493 + -2455 - (0 + 0)?
38
What is the value of 5 - ((-50 - -56) + 1 + -19)?
17
What is 5 + 0 - (-291 - -291 - (1 - 36))?
-30
What is 2 + (-4 - (0 + -8 - (-4 + -4)))?
-2
Calculate -60 - -50 - (-2 - -15).
-23
Evaluate (-21 - (21 - 33)) + -3.
-12
What is -10 - -13 - 2 - (-6 - -6)?
1
Evaluate (11 - (3 - (1 + -9) - -12)) + 15.
3
Calculate -18 + 33 + -9 - 15.
-9
Evaluate -7 - (13 - (-1 + 41 + 7)).
27
What is -281 - -275 - ((5 - 16) + 0 + 3)?
2
Evaluate 20 + -43 - (-1 - 32).
10
Evaluate 11 + 15 - (70 - 74).
30
Calculate -3 + 7 + (60 - 79).
-15
Calculate 20 + -7 - ((-4 - -6) + -6).
17
Calculate (-27 - -23) + 2 + -3 + 26.
21
Evaluate (-13 - -5 - 12) + 24.
4
(-10 - ((8 - -19) + -8)) + (-4 - -3)
-30
7 + -11 + -9 + 4 + 10
1
What is the value of 4 + (-39 - -35) + 1 + 4?
5
What is -17 + 9 + 3 + (-10 - 3)?
-18
Evaluate 5 + -7 - -10 - 9 - 22.
-23
2 + 2 + -3 + 9 + (-3 - 0)
7
What is the value of 15 + -14 + -6 - -13?
8
What is the value of -21 + 18 + (2 - 5) - -11?
5
What is 18 + (25 - 7) + -21?
15
What is the value of 14 + (10 - 3 - 10) + 1 + -1?
11
Calculate 36 + -66 + (3 - -28).
1
What is -18 - (1 + -2 - (-21 - (-15 - 3)))?
-20
Evaluate -3 + (-14 - -5) + 12 + (17 - -1).
18
What is the value of -3 + (0 - 1) + (1 - (-12 